2 - -10212?
10200
In base 16, what is 11e + 6?
124
In base 5, what is 131 - 2021?
-1340
In base 3, what is -210221 + -11?
-211002
In base 16, what is 4b + -b?
40
In base 7, what is 3316 - 2?
3314
In base 6, what is -3 - -1543?
1540
In base 12, what is 8 - -674?
680
In base 10, what is -4 + 2090?
2086
In base 12, what is 247 + 3?
24a
In base 8, what is -2151 + -5?
-2156
In base 6, what is -3 + -31?
-34
In base 15, what is 5 + 118?
11d
In base 12, what is -b39 + 5?
-b34
In base 3, what is 1212211 + 0?
1212211
In base 13, what is 420 + -7?
416
In base 10, what is -3 - -90?
87
In base 2, what is -11 + 10100101?
10100010
In base 4, what is 2 - -231013?
231021
In base 6, what is -30 - 15?
-45
In base 6, what is -32 + -21?
-53
In base 3, what is -11 + -2122?
-2210
In base 13, what is -ab + a5?
-6
In base 11, what is -7 + 4?
-3
In base 16, what is -2 - -20?
1e
In base 14, what is -5 - 46?
-4b
In base 13, what is b1a - -1?
b1b
In base 12, what is 38b + -4?
387
In base 6, what is -3224 + -3?
-3231
In base 13, what is 2 + -1a0?
-19b
In base 16, what is 1 + 37?
38
In base 5, what is -4 - -12?
3
In base 3, what is 12 - -12220?
20002
In base 7, what is 2 + -205?
-203
In base 16, what is -10 + 3?
-d
In base 12, what is 1 + -120?
-11b
In base 12, what is -7a1 + -4?
-7a5
In base 16, what is 5 - -12?
17
In base 6, what is -2420 - -5?
-2411
In base 13, what is 2cb - -2?
300
In base 8, what is -5 - -16?
11
In base 6, what is -1135 - -1?
-1134
In base 10, what is 2 + -28?
-26
In base 16, what is -2b4 + 1?
-2b3
In base 15, what is -4d + 3a?
-13
In base 3, what is -201210 - 12?
-201222
In base 2, what is 10000000 - -111?
10000111
In base 9, what is 2572 - 0?
2572
In base 5, what is 24 + -341?
-312
In base 9, what is -5 - -7736?
7731
In base 6, what is -141450 + -2?
-141452
In base 7, what is 5 + -115?
-110
In base 6, what is -2 + -4112?
-4114
In base 15, what is -2a + -1e5?
-220
In base 5, what is -142 + -101?
-243
In base 2, what is 10 + 10111110?
11000000
In base 5, what is -240 - 2?
-242
In base 11, what is 5 - -24?
29
In base 7, what is 106351 + -3?
106345
In base 2, what is -1 - 111001?
-111010
In base 13, what is -a + -3?
-10
In base 11, what is 4 - -4a?
53
In base 12, what is -43 - -5?
-3a
In base 10, what is -4867 - 0?
-4867
In base 13, what is 5 + -1b2?
-1aa
In base 3, what is 202020211 - 11?
202020200
In base 16, what is d2 + -5?
cd
In base 3, what is -12 - 20221?
-21010
In base 8, what is 11 + 3?
14
In base 8, what is 4 - -7?
13
In base 8, what is -45061 - 1?
-45062
In base 10, what is -5 + 110?
105
In base 2, what is 110010 + -11001?
11001
In base 8, what is 0 + -1426?
-1426
In base 9, what is -7 + 30?
22
In base 7, what is -445 + 10?
-435
In base 15, what is 905 - -4?
909
In base 7, what is 1 - -13?
14
In base 14, what is -2d - 3?
-32
In base 14, what is -5ca + 4?
-5c6
In base 16, what is d1 + 4d?
11e
In base 8, what is -6 - -1674?
1666
In base 9, what is 4 + -38?
-34
In base 13, what is b1 - -c?
c0
In base 7, what is -65 + 35?
-30
In base 16, what is -60 + 1?
-5f
In base 15, what is 0 - 130?
-130
In base 16, what is -14 + 59?
45
In base 13, what is 174 - -5?
179
In base 10, what is 160 + 1?
161
In base 4, what is -11 - -2221?
2210
In base 14, what is -3 + 1672?
166d
In base 2, what is -1000100010 + -100?
-1000100110
In base 12, what is 2ba - 0?
2ba
In base 14, what is -31 + -5?
-36
In base 16, what is 96 - 10?
86
In base 9, what is 23 + 785?
818
In base 7, what is 3 + 1215?
1221
In base 14, what is -144 - -36?
-10c
In base 16, what is -2 + 521?
51f
In base 3, what is 102110 - -2?
102112
In base 2, what is 111001100 - 100?
111001000
In base 13, what is 5 + 1b8?
1c0
In base 3, what is -121 - 20?
-211
In base 16, what is 9 + 1?
a
In base 15, what is -4 - -28?
24
In base 11, what is -2843 + 1?
-2842
In base 8, what is -1 - 50?
-51
In base 15, what is 29 - 0?
29
In base 12, what is 2 - 1698?
-1696
In base 5, what is 42 - -1?
43
In base 5, what is -13 + 40?
22
In base 16, what is 2 + -25?
-23
In base 9, what is 114 - 3?
111
In base 15, what is b2 + 31?
e3
In base 5, what is -123242 - 3?
-123300
In base 6, what is -2 + -115?
-121
In base 13, what is -76 + -2?
-78
In base 13, what is 35 + -8?
2a
In base 11, what is -13 + 666?
653
In base 3, what is -1110201 + -1?
-1110202
In base 14, what is 550 + -7?
547
In base 12, what is 908 - -3?
90b
In base 8, what is -5 + 124?
117
In base 15, what is -bb + -5?
-c1
In base 16, what is -69 + 67?
-2
In base 3, what is 1110110 + 0?
1110110
In base 11, what is 6a - -16?
85
In base 16, what is -1 + 103?
102
In base 15, what is -2 + -27?
-29
In base 7, what is 25334 - 3?
25331
In base 15, what is -1 - -425?
424
In base 12, what is 4 - 211?
-209
In base 11, what is -28 - -21?
-7
In base 4, what is -101120 - 1?
-101121
In base 3, what is 0 + 10210110?
10210110
In base 16, what is -4 + 4?
0
In base 7, what is 210 + 214?
424
In base 11, what is 5 - -a38?
a42
In base 5, what is 10 - 3041?
-3031
In base 3, what is 1 + -20001?
-20000
In base 4, what is 3 - 313?
-310
In base 4, what is -10 + 112?
102
In base 2, what is -100 - 100101?
-101001
In base 16, what is 2a - -14?
3e
In base 2, what is -10 - 110110100100?
-110110100110
In base 4, what is 2 + 23313?
23321
In base 3, what is -100 + 2122?
2022
In base 4, what is -22 - -1130?
1102
In base 12, what is -2 + 3?
1
In base 2, what is -101 - 1000110?
-1001011
In base 13, what is 2 - -750?
752
In base 10, what is 5 + -1387?
-1382
In base 15, what is -1e + 6?
-18
In base 12, what is -3 - 47b?
-482
In base 13, what is 85 + 176?
22b
In base 6, what is 0 + 4524?
4524
In base 2, what is 10 + 100011101010?
100011101100
In base 13, what is 21c9 - -4?
2200
In base 5, what is -311 + 4?
-302
In base 16, what is -4 - 78?
-7c
In base 6, what is 40013 + -4?
40005
In base 2, what is 1 - 1100001?
-1100000
In base 3, what is 0 + 120102?
120102
In base 15, what is -4 - 11c?
-121
In base 2, what is 111 - -10?
1001
In base 13, what is 14ab - 3?
14a8
In base 2, what is -10111001 + 1100?
-10101101
In base 12, what is -588b + 1?
-588a
In base 10, what is -8 - 0?
-8
In base 7, what is -4 - -354?
350
In base 11, what is -4 + 1340?
1337
In base 15, what is 1041 - -3?
1044
In base 10, what is -374 + -27?
-401
In base 3, what is 100 + 2011?
2111
In base 13, what is 1 - 805?
-804
In base 5, what is 1331 - -1?
1332
In base 10, what is 10 + -2?
8
In base 16, what is 1 + d1?
d2
In base 2, what is -11 - -1000?
101
In base 11, what is 91 + 2?
93
In base 13, what is -344 - -17?
-32a
In base 16, what is -3140 + -1?
-3141
In base 5, what is 3 + 12230?
12233
In base 12, what is 3 - -595?
598
In base 10, what is -2 - 385?
-387
In base 2, what is -110 + -11110010011?
-11110011001
In base 10, what is -44 - -227?
183
In base 9, what is 2 - -111?
113
In base 9, what is 7001 - -1?
7002
In base 10, what is -90 - 20?
-110
In base 11, what is 3 + -2653?
-2650
In base 7, what is -1242 - -5?
-1234
In base 2, what is -10001101111 - 11?
-10001110010
In base 9, what is -5 + -60?
-65
In base 10, what is 2271 - -3?
2274
In base 6, what is -442 + 1?
-441
In base 6, what is 1031 - -4?
1035
In base 12, what is -14 - -13?
-1
In base 7, what is 4 + 6?
13
In base 15, what is 166 - -6?
16c
In base 14, what is -4477 - 4?
-447b
In base 4, what is -301 + -13?
-320
In base 3, what is 1 - -12?
20
In base 14, what is 140 - 7?
137
In base 8, what is 10466 + -5?
10461
In base 2, what is 110101 + -11010?
11011
In base 7, what is -20 + -236?
-256
In base 15, what is -2bb + -3?
-2be
In base 7, what is -4 + 20?
13
In base 9, what is 3514 + -2?
3512
In base 4, what is -2023 - -110?
-1313
In base 13, what is 9 + -138?
-12c
In base 12, what is 145 + 79?
202
In base 15, what is bb - -1?
bc
In base 9, what is -18 + 171?
152
In base 11, what is 4a5 + 0?
4a5
In base 5, what is -114 - 301?
-420
In base 9, what is -1 + 66?
65
In base 8, what is 17 - -33?
52
In base 6, what is 4 + 12320?
12324
In base 9, what is 2 + -41?
-38
In base 12, what is -31 + -a?
-3b
In base 14, what is 4 - -131?
135
In base 13, what is -2 - -15?
13
In base 13, what is 0 + -7?
-7
In base 16, what is f - 3c?
-2d
In base 16, what is -118 - 1?
-119
In base 5, what is -1014 + 14?
-1000
In base 8, what is -3327 + 1?
-3326
In base 7, what is -102 + -10?
-112
In base 16, what is 5 - 1202?
-11fd
I